-r*f + 5*f = 302. What are the prime factors of f?
2, 151
What are the prime factors of 6/(13 - 1)*3832?
2, 479
Suppose 0 = 75*a - 53*a - 478852. What are the prime factors of a?
2, 10883
Suppose 163 = n - 3*r - 102, 4*n - 4*r - 1076 = 0. Let m = n + 997. List the prime factors of m.
2, 317
Let z(f) = -12 - 2 + 5*f - 32 - 18. Let v = -580 - -601. List the prime factors of z(v).
41
List the prime factors of (-1166967)/(-810) + (46/20 - 2).
11, 131
Let s(y) = 31*y**2 - 37*y + 8. Let r be s(10). Suppose -r - 3574 = -6*q. What are the prime factors of q?
2, 263
Let c(n) be the third derivative of -523*n**4/12 + 19*n**3/3 - 143*n**2. What are the prime factors of c(-1)?
2, 271
Let u = -62 - -65. Suppose -i + 5*n + 180 = 3*i, 0 = 3*i - u*n - 138. List the prime factors of i.
2, 5
Let s(p) = -9*p + 125. Let n be s(14). Let y(m) = -542*m + 17. List the prime factors of y(n).
13, 43
Let g be 0 + 14/(-7) - -1. Let c(d) = -16*d - 1. List the prime factors of c(g).
3, 5
Suppose 0 = -69*l + 343*l - 10811492. What are the prime factors of l?
2, 109, 181
Suppose 9*c - 15379 = 16211. Let p = -2224 + c. What are the prime factors of p?
2, 643
Suppose -4*j - 7 = -19, j = 3*n - 123. Suppose n - 45 = -v. Suppose -3*w + 54 = 2*o, 0 = -v*o + 3*w + w + 47. What are the prime factors of o?
3, 7
Let b(d) = -d**2 - 11*d + 30. Let w be b(-13). Suppose 4*o - 2*o - 4*j = -252, -w*j + 380 = -3*o. Let h = -12 - o. List the prime factors of h.
2, 29
Suppose -3 = i - 2*a, -3*i + 2*a - 15 = -6*i. What are the prime factors of (26838/49)/i + (-4)/7?
2, 7, 13
Suppose -4*o = -93471 - 18872 - 63209. List the prime factors of o.
2, 13, 211
Suppose -4*t + 12 = -4*z, 2*t - 4*z = 7*t - 33. Suppose -t*q = q - 48. Suppose -4*x = q*x - 1608. What are the prime factors of x?
2, 67
Let a(k) = 31*k**3 - 7*k**2 + 6*k + 6. Let q(h) = h**3 - h**2 + h + 1. Let b(n) = a(n) - 6*q(n). What are the prime factors of b(2)?
2, 7
Let b be (-3 - -6)*(7 - 6). Suppose 0*u - 1992 = -b*u. What are the prime factors of u?
2, 83
Let t be -3*(-12)/9 - (915 + -2). Let l = -601 - t. Suppose 119 = 2*w + 5*z, l - 25 = 5*w - 2*z. List the prime factors of w.
3, 19
Let v(c) be the first derivative of c**4/4 - 2*c**3/3 + 2*c**2 - 16*c - 2. Let n be v(5). Let d = n - -2. List the prime factors of d.
3
Let c = -4648 + 12933. What are the prime factors of c?
5, 1657
Suppose 6*v - 87*k = -91*k + 52574, -5*v + 43811 = 3*k. What are the prime factors of v?
8761
Let p = -161 - -173. Suppose 5*y = -w + 3941, -4*y = 8*w - p*w - 3148. List the prime factors of y.
2, 197
Suppose -9*s - v = -295442, 3*s + 4*v - 93983 = 4527. List the prime factors of s.
2, 3, 5471
Let j(q) = -q**3 + q**2 - 14*q - 8. Let i be j(-5). Let c = 422 - i. Suppose -204*d = -199*d - c. List the prime factors of d.
2, 3, 7
Let n = 12545 - 12541. Suppose 0 = 2*o - 5*w - 504, -5*o - 3*w + 667 + 655 = 0. Suppose 395 = 3*j - n*h, j - 3*j + 4*h = -o. List the prime factors of j.
7, 19
Suppose 252 = 7*n - 4*n. List the prime factors of n - 15*(-2)/(-5).
2, 3, 13
Let x = -593 + 879. Suppose 0 = -5*w - 4*q + x, -3*w - 2*q = 2*q - 170. Let a = -52 + w. List the prime factors of a.
2, 3
Let y(t) = 13*t**2 + 77*t - 3207. What are the prime factors of y(31)?
3, 1297
Let h = -6 + 9. Let u = -63 + 60. What are the prime factors of (-1)/(((-3)/u)/(-138 - h))?
3, 47
Let y = 21310 - 2477. What are the prime factors of y?
37, 509
Suppose -5*o - p - 302 = 0, 0*o + 52 = -o + 4*p. Let v be o/(-3)*1/4. Suppose -n + 712 = v*r + 130, r - 2*n = 112. List the prime factors of r.
2, 29
Suppose -9*r + 5*r - 5*m - 92 = 0, 5*r + 2*m + 132 = 0. Let j = 94 + r. What are the prime factors of j?
2, 3, 11
Suppose -3*m + 2*x = -1016, 4*x = 4*m - 422 - 926. Let k = 679 - m. What are the prime factors of k?
337
Suppose 75837 + 249977 = 189*z - 88474. What are the prime factors of z?
2, 137
Let a = 2 - -49. Suppose 321 = -a*c + 54*c. List the prime factors of c.
107
Let o(x) = -x**2 - 4*x + 10. Let g be o(5). Let v be (28/g)/(6/15). List the prime factors of ((-2 - 0/v) + 97)*1.
5, 19
Let p = -35 + 31. Let k(f) = -5*f + 8. Let o be k(p). Suppose 170 = 2*c - o. What are the prime factors of c?
3, 11
Suppose -17*y = -14730 - 38769. What are the prime factors of y?
3, 1049
Let x(o) = -7*o - 7 + 0*o + o**2 + 4*o**2. Let y be x(-6). Let j = -119 + y. List the prime factors of j.
2, 3
Suppose -3*t = -4*q - 12682, 5*t - 11836 - 9314 = 4*q. List the prime factors of t.
2, 29, 73
Let l = 472 - 683. Let n(w) = -68*w - 2. Let q be n(2). Let r = q - l. What are the prime factors of r?
73
List the prime factors of (-17918)/(-10 + 9) - -6.
2, 4481
Suppose 0 = -169*t + 571532 + 2115230. List the prime factors of t.
2, 7949
Suppose -4*s = 3*z - 11309 - 947, -10 = 2*s. What are the prime factors of z?
2, 3, 11, 31
Suppose -10264 + 412398 = 95*p + 31349. List the prime factors of p.
3, 1301
Let i = -1146 - -1930. Let p = i + -308. What are the prime factors of p?
2, 7, 17
List the prime factors of ((-78)/72)/13 - 290692/(-48).
2, 757
Let m = -178 - -227. Let y(c) = 139*c - 3. Let s be y(-1). Let n = m - s. List the prime factors of n.
191
Let k(l) = -6*l**3 - l**3 - 9*l**2 - l - 2*l**3 + 7*l**2. Let y be k(-1). What are the prime factors of (y/16)/((-2)/(-12)) - -30?
3, 11
Let a = 192 + -70. Let t = a + 193. List the prime factors of t.
3, 5, 7
Let r(x) = -1909*x - 1079. What are the prime factors of r(-5)?
2, 3, 17, 83
Let z(r) = 2*r**2 + 36*r + 178. Let g = 744 + -767. What are the prime factors of z(g)?
2, 3, 17
Let c(q) = -22 - 28 - 11*q + 37. Let s = -120 - -118. What are the prime factors of c(s)?
3
Let k(s) = 1001*s**2 + 759*s - 2. List the prime factors of k(-7).
2, 3, 37, 197
Let p(n) = 26*n + 21. Let z be p(-6). Let m be (-13915)/45 + 5/(z/(-6)). Let h = m + 460. What are the prime factors of h?
151
Let m be -1 - 7/((-21)/18). Let u(c) = -16*c + 84. What are the prime factors of u(m)?
2
Let b(j) = 2*j**2 + 5*j. Let m be b(-4). Let y = m - 178. Let q = y - -239. List the prime factors of q.
73
Let s be (4 + -3 + -5)*(-4)/8. Suppose 2604 = s*w + 950. What are the prime factors of w?
827
What are the prime factors of (1 - 204 - -4)/(8/(-16))?
2, 199
Let w = 247 - 104. Let l = w - -446. List the prime factors of l.
19, 31
Let s(b) = b**2 - 2*b - 3. Let j be s(4). Suppose -2*a = 2*m - 3*m - 892, -m = j*a - 2223. List the prime factors of a.
5, 89
Let g = -24 - -25. Let u be g/3 - (-6 + 850/(-15)). Let f = 95 - u. List the prime factors of f.
2
Suppose -2*w + 182 = -2*r, -2*w - 288 = 6*r - 3*r. Let n = r + 97. List the prime factors of (-65 + 14)/((-1)/n).
3, 17
Let w(g) = -31*g - 20. Let d = 12 - 18. What are the prime factors of w(d)?
2, 83
Let g = -34 - -39. Suppose -g*b + 252 = -1203. List the prime factors of b.
3, 97
Suppose -b = -6*b. Suppose z = -b*z - 15. Let w(n) = n**2 - n - 29. What are the prime factors of w(z)?
211
Let z be (9 - 59)/(3/(-300)*2). Let g = z + -1456. Suppose 5*q - g = j, -q - 2*j + 0*j = -200. What are the prime factors of q?
2, 13
Suppose 45*r - 3598656 = -672396. List the prime factors of r.
2, 3, 5419
Let w(n) = n**2 + 6*n - 5. Let j be w(-7). Let z(a) = 8 + a - 133*a**2 - 5 + 170*a**2. What are the prime factors of z(j)?
3, 17
Suppose -1417*l = -1370*l - 535236. What are the prime factors of l?
2, 3, 13, 73
Let h(x) be the second derivative of x**5/20 - 5*x**4/3 - 7*x**3/3 - 23*x**2 + 8*x. Let w = 30 - 9. List the prime factors of h(w).
101
Suppose 1229535 = -582*z + 51*z + 19557531. What are the prime factors of z?
2, 8629
Suppose 2*g = -j + 5 - 1, 3*g - 5*j = 32. Suppose -328 = -g*c + 72. Suppose -3*t + t = w - c, -200 = -4*t - w. What are the prime factors of t?
2, 5
Suppose 2*y - 5*o = 2709, -2679 = -2*y + 4*o - 9*o. Suppose 4*q - y = 3129. What are the prime factors of q?
3, 373
Let i(r) = 2*r - 9. Let m = -12 + 18. Let g be i(m). Let d(p) = 8*p**2 - 3*p + 7. What are the prime factors of d(g)?
2, 5, 7
Let n(u) = -87*u**3 - 2*u**2 - 2*u - 2. Let o be n(-4). Let c be (-3)/(-9) - (-3)/(18/o). Suppose -3*d = 4*d - c. What are the prime factors of d?
2, 3, 11
Let i(h) = 874*h**3 + h**2 - 2*h + 1. Let p be i(1). Suppose -p = 8*m - 15642. What are the prime factors of m?
2, 13, 71
Let l be (-17)/(-7) + 27/(-63). Suppose 8 = -4*k, 0*c - 70 = l*c - 2*k. Let b = c + 108. Wh